of -l**8/10080 + l**7/2520 + l**6/720 + 2*l**5/15 - 33*l**2. Let j(m) be the third derivative of p(m). Give j(2).
-3
Let w(r) be the third derivative of -r**6/120 + r**5/10 + r**4/12 + r**3/6 - 125*r**2. Give w(6).
13
Let b(t) = -13*t**2 - 8*t - 5. Let o(h) = 7*h**2 + 4*h + 3. Let f(z) = 6*b(z) + 11*o(z). What is f(-4)?
3
Let h(b) = 6*b - 12. Let i(v) = -v + 1. Let t(k) = -h(k) - 4*i(k). Suppose -10 = -2*l - 3*y + 11, 4*y - 30 = -3*l. Calculate t(l).
-4
Suppose 3*j + 4*d + 16 = 63, 2*j + 3*d = 33. Suppose 9 = j*l - 6*l. Let r(v) = -v**2 + 2. Determine r(l).
-7
Let u(r) be the first derivative of -r**2/2 - 10*r + 74. Determine u(-10).
0
Suppose 0 = -55*n + 65*n - 100. Let u(m) = -m**3 + 11*m**2 - 9*m + 6. Calculate u(n).
16
Let m(g) = g**2 - 3*g - 5. Let v be m(4). Let a(o) be the first derivative of 5*o**2 - o + 82. Calculate a(v).
-11
Let n(s) = s**2 - 4*s - 2. Suppose -5*x + j + 2*j - 12 = 0, 12 = 4*x + 3*j. Suppose -c - 3*l - 2*l + 19 = x, l - 3 = 0. Determine n(c).
-2
Let v(f) = 6*f**2 - f. Let n be v(-1). Let o = 10 - n. Let r(b) = b**2 - 6*b + 3. Determine r(o).
-6
Let b(v) = -v**3 + 1. Let m = 10 - 7. Suppose 4*t - 2*k = 4, 10 = -2*t - 9*k + 4*k. Let s be (t*(-1)/m)/2. What is b(s)?
1
Suppose y = -6 + 7. Let g be y*((1 - 0) + 2). Let p(a) = -8*a**3 + 9*a**3 - 2 - g - 8*a + 6*a**2 - 2*a**2. Calculate p(-5).
10
Let n(u) = -u**3 - 3*u**2 + 3*u. Let c(j) = j**3 + 3*j**2 - 2*j - 1. Let z be c(-3). Let f(r) = r + 21. Let v be f(-14). Suppose -27 = z*g - v. What is n(g)?
4
Let j(y) = -y**3 + y**2 + y. Let u = 499 + -495. Give j(u).
-44
Let g be (-6)/16*2*-4. Let b(i) = 3*i**2 + 1 + i**2 - 4 - i**g - 2. What is b(4)?
-5
Let n(x) be the second derivative of x**7/252 - x**6/720 + x**4/12 + 21*x. Let o(v) be the third derivative of n(v). Give o(-1).
11
Let h(z) = -37 - 117*z + z**2 + 63*z + 58*z. What is h(-9)?
8
Let z be 15/6*4 - 3. Let p(w) = -w**2 + 8*w + 2. Let j(n) = -2*n**2 + 17*n + 4. Let x(t) = -3*j(t) + 7*p(t). Give x(z).
-12
Let q be 6/4*36/27. Let f(w) = -2*w + 2*w - 3 + 3*w - q*w. Determine f(7).
4
Let j(x) = 2*x - 18. Let y be j(8). Let f(a) = -a**3 - 4*a**2 - 2*a + 1. Give f(y).
-3
Suppose -8 + 20 = 3*s. Let b(f) = f**2 + 0 + s - 5 + 3*f**3 - 2*f**3. What is b(1)?
1
Let t(b) = -b**2 + 1. Let x(h) = 2*h**2 + 2 + 12 + h + 2*h**2 - 7*h**2. Let s(w) = -4*t(w) + x(w). What is s(0)?
10
Suppose 8*o = 20*o - k - 94, o - 18 = -5*k. Let m(l) be the first derivative of l**2/2 + l - 1. Give m(o).
9
Let n be -3*1 - (65 - 60). Let c(w) = -w**2 - 5*w + 10. Give c(n).
-14
Let z(l) = l**2 + 6*l + 13. Suppose 29*t = -64 - 139. Give z(t).
20
Let k(u) be the first derivative of u**4/4 + 2*u**3 + 5*u**2/2 - 5*u - 10. Suppose 0 = 4*r - 5*r - 5. Determine k(r).
-5
Let s(k) be the second derivative of k**5/5 - k**3/3 + k**2/2 - 25*k. Let t(m) = -m**2 + 7*m + 1. Let b be t(7). Calculate s(b).
3
Let j(a) = -2*a + 6 + 225*a**2 - a - 3 - 238*a**2 - 7. Give j(-1).
-14
Let s(j) be the first derivative of 5*j**2/2 + 336. Determine s(3).
15
Suppose 3*l - 3*b = -0*b + 120, 6 = -2*b. Suppose -d - 2*y + 9 = -3*y, -3*y + l = 5*d. Let z(f) = -7*f**2 + 11*f**2 + f**3 - d*f**2 - 5 - 3*f. What is z(5)?
5
Let o(q) be the first derivative of 2*q**3/3 - 3*q**2 - 2*q + 53. Give o(4).
6
Let l(m) = 14*m - 152. Let f(r) = 4*r - 49. Let g(x) = 10*f(x) - 3*l(x). Calculate g(-14).
-6
Let j(v) be the third derivative of -v**6/120 - v**5/10 - 4*v**3/3 - 295*v**2. Determine j(-6).
-8
Let y(w) = -w**2 - 11*w - 7. Let j = 530 - 539. Give y(j).
11
Suppose 30*o = 71 - 41. Let w(f) = -34*f - 2. Calculate w(o).
-36
Let t(m) = 3*m + 6. Suppose 0 = 2*u - 6*u. Suppose u = 5*i - 3*z + 22, 0*z = -z - 1. Calculate t(i).
-9
Let m(f) = f**3 - 2*f**2 - 2*f. Let z = 994 + -992. Determine m(z).
-4
Let c be (-98)/(-21) - (-8)/(-12). Let v(u) be the first derivative of c + u**2 + 1/3*u**3 + u. Give v(-2).
1
Let a(l) = l**3 - 4*l**2 + 3*l + 5. Let y(i) = -i**2 + i - 1. Let u(w) = -a(w) - 2*y(w). Let c = 243 + -238. Calculate u(c).
-3
Let x be (5/3 - 2)*-1149. Let j(o) = o + x - 4*o - 380. Calculate j(2).
-3
Let n(i) = -2*i + 11. Let t(j) = j - 4. Let h(s) = -3*n(s) - 8*t(s). Let b = 54 - 57. What is h(b)?
5
Let p(x) = -2*x**2 - 11*x + 8. Let z be p(-6). Let t(b) = 0 - z + 9*b - 11*b. Determine t(-4).
6
Let r(k) = k**2 - 9*k + 6. Let l be r(9). Let g(b) = b**3 - 6*b**2 + b - 5. Let o be g(l). Let n(x) = 3*x**2 - 5 - x**2 + 4 - o. Calculate n(-3).
16
Let j(a) = -5*a + 2. Let g(f) = -7*f + 5. Let p(s) = -g(s) + 2*j(s). Let k be (-9)/(-12) - (-3)/12. Determine p(k).
-4
Let f = 163 - 161. Let u(h) be the second derivative of 2*h + 0*h**f + 0 + 1/3*h**3. What is u(3)?
6
Let j be (3 + -2 + -3)/(4 + -6). Let q(r) = 8*r - 2. What is q(j)?
6
Let i(y) = -8*y**3 + y**2. Suppose 17 = -19*c - 2. What is i(c)?
9
Let x = -12 + 8. Let o(w) = -2*w + 9*w - 5*w + 4. What is o(x)?
-4
Let m(k) = k**3 - 12*k**2 - 14*k - 8. Let s(l) = -2*l**2 + 32*l - 107. Let n be s(10). Determine m(n).
-21
Suppose -27*q = q - 196. Let v(b) = -b + 1. Let d(w) = 3*w + 1. Let g(u) = d(u) + 4*v(u). Determine g(q).
-2
Let h(f) = -f**3 + 6*f**2 - 4*f + 1. Let c(g) = -7 + 0*g**3 + 8*g + 2*g**2 - g**3 + 3*g**2. Let l be ((-98)/(-294))/(38/36 - 1). Let s be c(l). Determine h(s).
6
Suppose 8 = -n - 3*l + 4*l, 0 = l - 5. Let h(f) be the first derivative of 5 - 4*f + 1/2*f**2. Determine h(n).
-7
Let m(i) = i**3 - 4*i**2 - 3*i. Let p be ((-6)/4)/(12/(-232)). Let j = 1 + p. Suppose -2*q = z - 5, 0*z - j = -4*q + 2*z. Calculate m(q).
10
Let q(h) = -h**3 - h**2 + h + 1. Let i(x) = 4*x**3 + 8*x**2 - 6*x + 1. Let y(s) = i(s) + 3*q(s). Let o be (-12)/(-42) + -1*(-74)/(-14). Calculate y(o).
19
Let x(p) = p + 2. Suppose q - 1 + 5 = -4*g, 18 = 2*q - 5*g. Suppose -t - i + 9 = -3*t, -2*t + 2*i - q = 0. Calculate x(t).
-5
Let x(y) = -15*y - 18. Let d(l) = 13*l + 16. Let w(b) = -6*d(b) - 5*x(b). Give w(-6).
12
Let w = -57 + 51. Let j(l) = l + 1. Give j(w).
-5
Let h(f) = f. Suppose -3*p + 2 = -2*p. Let u be h(p). Let y(w) = -2*w**2 + w**3 - 2*w**2 + 5*w**2 + 3 - 5*w**u. Determine y(4).
3
Let u(y) be the first derivative of -y**3/3 + 3*y + 37. Calculate u(4).
-13
Let g = 22 + -20. Let m(n) = -3*n**3 - 2*n**2 - n. Let l(j) = -4*j**3 - 2*j**2 - 2*j. Let k(b) = g*l(b) - 3*m(b). Calculate k(-3).
-6
Let o(t) = 5*t + 35. Let w(a) = -5*a - 29. Let s(h) = -4*o(h) - 5*w(h). Give s(-2).
-5
Let z(j) = j**3 + 6*j**2 - 17*j - 1. Suppose -3*h = 2*p + 10, -138*h - 26 = 4*p - 135*h. Give z(p).
7
Suppose 3 = 7*q - 11. Let t(m) = -3*m + 4*m + 2*m**q - 1 - m**2. Let y(j) = -j**3 + 5*j**2 - j + 6. Let x be y(5). Give t(x).
1
Let l(v) = -2*v + 1. Let z be l(-5). Suppose -14 = -s - z. Let g(k) = 4*k + 4*k**2 - s - k + 9 + k**3. Calculate g(-4).
-6
Let j(s) = s - 3 + 3 + 3. Let p(f) = -3*f**2 + 2*f + 1. Let x(c) = c**3 + c**2 + 2*c + 1. Let o be x(-1). Let l be p(o). Determine j(l).
-1
Suppose z - 2 = -4*j + 7*j, -6 = z - j. Let v = 17 + z. Let t(l) be the third derivative of l**4/24 - 5*l**3/6 + 3*l**2 - 47*l. What is t(v)?
2
Let c be (0/(-3) + -1)*-1. Let z(y) = -81*y**2 - y - c + 79*y**2 + 3. What is z(-2)?
-4
Let o(s) be the third derivative of -s**6/120 - 2*s**5/15 + s**4/24 - 5*s**3/6 - 334*s**2. Determine o(-8).
-13
Let d(h) = -h**3 - h**2 + h - 4. Let v be (1 - (-5)/(-3))/((-10)/(-45)). Let f(t) = -t**2 - 5*t - 6. Let y be f(v). Calculate d(y).
-4
Suppose -s = s - 3*p - 1, -5*p + 15 = 5*s. Let c(i) = -s + 10*i + 2 - 7*i. What is c(-4)?
-12
Let v(u) = -19*u**2 - 18*u**2 + 8 - 3 + 43*u**2 - 7*u**2. Determine v(4).
-11
Let p(u) be the third derivative of 7/6*u**3 - 2*u**2 + 0*u - 1/60*u**5 + 0 - 1/4*u**4. Suppose q + 0*w = -3*w, 2*w = -q - 2. Give p(q).
7
Let m(u) be the first derivative of u**4/4 - 8*u**3/3 + 4*u**2 - 7*u + 2. Let n be (-4)/7 - (-265)/35. Suppose -7*s = -8*s + n. Calculate m(s).
0
Let k be 5 + -4 - (9 + -3). Let h(o) = o**3 + 4*o**2 - 7*o - 10. Give h(k).
0
Let f(y) = -y**3 - 6*y**2 + 7*y + 4. Let g be f(-7). Let n(r) = -63 + 63 + r**2 + g*r. What is n(-6)?
12
Suppose -88*k = -104*k - 32. Let h(o) = -o**3 - o**2 - 5*o - 6. Calculate h(k).
8
Suppose 21 = 3*p + 4*p. Let x(h) = h**3 + 2*h**2 + h**2 + 6*h + p*h**2 - 9 + 2*h**2. What is x(-7)?
-2
Let b(s) = -s**2 - 38*s + 122. Let a be b(-41). Let y(v) = 8*v**3. Give y(a).
-8
Let g(z) = -z**3 + 2*z + 1. Suppose -17*f - 8